{"id":68,"date":"2019-05-01T06:40:16","date_gmt":"2019-05-01T06:40:16","guid":{"rendered":"http:\/\/www.vila-murvenica.info\/?page_id=68"},"modified":"2019-06-23T09:48:06","modified_gmt":"2019-06-23T07:48:06","slug":"buchen","status":"publish","type":"page","link":"https:\/\/www.vila-murvenica.info\/index.php\/buchen\/","title":{"rendered":"Buchen"},"content":{"rendered":"\n<p>Ihnen gefallen die Fotos, die Sie sehen und Sie wollen bei uns Urlaub machen? Dann k\u00f6nnen Sie unsere Vila Murvenica direkt buchen!<\/p>\n\n\n\n<p>Unsere Vila Murvenica kann direkt \u00fcber Airbnb gebucht werden:<br>&#8211; Hier geht es\u00a0<a rel=\"noreferrer noopener\" aria-label=\" (opens in a new tab)\" href=\"https:\/\/www.airbnb.at\/rooms\/29360012\" target=\"_blank\">zu Airbnb<\/a>\u00a0(<a rel=\"noopener noreferrer\" href=\"https:\/\/www.airbnb.at\/rooms\/29360012\" target=\"_blank\">https:\/\/www.airbnb.at\/rooms\/29360012<\/a>)<\/p>\n\n\n\n<h3 class=\"wp-block-heading\">Informationen zur An- und Abreise:<\/h3>\n\n\n\n<ul class=\"wp-block-list\"><li>Die&nbsp;<strong>Anreise<\/strong>&nbsp;kann zwischen&nbsp;<strong>15:00 und 18:00 Uhr<\/strong>&nbsp;erfolgen.<\/li><li>Vor Ihrer&nbsp;<strong>Anreise<\/strong> erhalten Sie von uns eine detailierte Check-In-Information.<\/li><li>Am&nbsp;<strong>Abreisetag<\/strong> steht Ihnen die Vila Murvenica l\u00e4ngstens <strong>bis 10:00 Uhr<\/strong>&nbsp;zur Verf\u00fcgung, danach m\u00f6chten wir das Haus wieder f\u00fcr die n\u00e4chsten G\u00e4ste perfekt vorbereiten &#8211; danke!<\/li><\/ul>\n\n\n\n<h3 class=\"wp-block-heading\">Aktuelle Belegung<\/h3>\n\n\n\n<div id=\"smoobuApartment51054de\" class=\"calendarWidget\"> <div class=\"calendarContent\" data-load-calendar-url=\"https:\/\/login.smoobu.com\/de\/cockpit\/widget\/single-calendar\/51054\" data-verification=\"0aed8bd5cdd930a854e69d9232cc60e9b4e36f5100461b704cad980a7b4a988c\" data-baseUrl=\"https:\/\/login.smoobu.com\" data-disable-css=\"false\" ><\/div> <script type=\"text\/javascript\" src=\"https:\/\/login.smoobu.com\/js\/Apartment\/CalendarWidget.js\"><\/script><\/div>\n","protected":false},"excerpt":{"rendered":"<p>Ihnen gefallen die Fotos, die Sie sehen und Sie wollen bei uns Urlaub machen? Dann k\u00f6nnen Sie unsere Vila Murvenica direkt buchen! Unsere Vila Murvenica kann direkt \u00fcber Airbnb gebucht werden:&#8211; Hier geht es\u00a0zu Airbnb\u00a0(https:\/\/www.airbnb.at\/rooms\/29360012) Informationen zur An- und Abreise: Die&nbsp;Anreise&nbsp;kann zwischen&nbsp;15:00 und 18:00 Uhr&nbsp;erfolgen. Vor Ihrer&nbsp;Anreise erhalten Sie von uns eine detailierte Check-In-Information. Am&nbsp;Abreisetag steht Ihnen die Vila Murvenica l\u00e4ngstens bis 10:00 Uhr&nbsp;zur Verf\u00fcgung, danach m\u00f6chten wir das Haus wieder f\u00fcr die n\u00e4chsten G\u00e4ste perfekt vorbereiten &#8211; danke! Aktuelle Belegung<\/p>\n","protected":false},"author":2,"featured_media":0,"parent":0,"menu_order":0,"comment_status":"closed","ping_status":"closed","template":"","meta":{"footnotes":""},"class_list":["post-68","page","type-page","status-publish","hentry"],"_links":{"self":[{"href":"https:\/\/www.vila-murvenica.info\/index.php\/wp-json\/wp\/v2\/pages\/68","targetHints":{"allow":["GET"]}}],"collection":[{"href":"https:\/\/www.vila-murvenica.info\/index.php\/wp-json\/wp\/v2\/pages"}],"about":[{"href":"https:\/\/www.vila-murvenica.info\/index.php\/wp-json\/wp\/v2\/types\/page"}],"author":[{"embeddable":true,"href":"https:\/\/www.vila-murvenica.info\/index.php\/wp-json\/wp\/v2\/users\/2"}],"replies":[{"embeddable":true,"href":"https:\/\/www.vila-murvenica.info\/index.php\/wp-json\/wp\/v2\/comments?post=68"}],"version-history":[{"count":8,"href":"https:\/\/www.vila-murvenica.info\/index.php\/wp-json\/wp\/v2\/pages\/68\/revisions"}],"predecessor-version":[{"id":160,"href":"https:\/\/www.vila-murvenica.info\/index.php\/wp-json\/wp\/v2\/pages\/68\/revisions\/160"}],"wp:attachment":[{"href":"https:\/\/www.vila-murvenica.info\/index.php\/wp-json\/wp\/v2\/media?parent=68"}],"curies":[{"name":"wp","href":"https:\/\/api.w.org\/{rel}","templated":true}]}}